ative of r**5/4 + r**4/6 - r**3/6 - r. Determine q(x).
6
Let r(j) = j**3 - 3*j**2 - 5*j + 1. Suppose -i = 5*l + 15, 3*l = -4*i + l + 12. Suppose i*o = 10 - 5. Suppose w - o = 3. Give r(w).
-3
Let m(b) = -11*b - 1 + 4*b + 2. Let r(n) = 15*n - 3. Let g(k) = 5*m(k) + 2*r(k). Let w(x) = -x + 2. Let j be w(4). Determine g(j).
9
Let s(r) be the first derivative of -r**3/3 - 5*r**2/2 - 5*r - 17. Give s(-5).
-5
Let b(v) = -v**3 - 5*v**2 - v - 1. Let a be b(-5). Let f(q) be the second derivative of -q**4/12 + q**3/2 + 3*q**2/2 - q. What is f(a)?
-1
Let y(j) be the third derivative of -j**6/40 - j**5/60 - j**4/24 - j**3/6 - 14*j**2. Let s(r) = -r**2 + 5*r + 5. Let t be s(6). Give y(t).
2
Let w(c) be the second derivative of c**3/2 + c**2/2 - 13*c. Calculate w(-2).
-5
Let q(t) = -2*t + 0*t - 1 + t**2 + 6*t. Calculate q(-3).
-4
Let o(k) = -4*k**2 - 10*k + 2. Let x(j) = j**2 + j. Let h(u) = -o(u) - 3*x(u). Let z be h(-8). Let b(p) = p**3 + z*p**2 + 6*p + 9 + 0*p - 11. Give b(-5).
-7
Let k(i) = -3*i. Let c = -12 - -17. Give k(c).
-15
Suppose 0 = -h + 4*x - 80, -h + 3*x = x + 86. Let y be h/(-20) + (-4)/(-10). Let v(f) = f**3 - 5*f**2 + f - 7. What is v(y)?
-2
Let c = -75 - -76. Let y(s) = -s**2 - s. Let t(r) = 2*r**3 - 2*r**2 - 4*r - 1. Let g(z) = t(z) - 4*y(z). Give g(c).
3
Let z(y) = y**2 + 4*y - 4. Let o(v) = -v**2 + 7*v - 4. Let q(d) = -2*d**2 + 7*d - 4. Let b(j) = 3*o(j) - 2*q(j). Let h be b(-7). Give z(h).
-4
Let q(r) = 9*r**3 - 3*r**2 - 13*r + 2. Let t(f) = 4*f**3 - f**2 - 6*f + 1. Suppose 4*b + 29 = 1. Let u(k) = b*t(k) + 3*q(k). What is u(-3)?
-1
Let y(i) = i - 12. Let q be y(0). Let n = 7 + q. Let z(d) = d + 6. Determine z(n).
1
Suppose 5*a - 3*a - 41 = 3*q, -5*q - 68 = -3*a. Let t = -10 - q. Let z(m) = 4*m - 1. Determine z(t).
11
Let g(s) = s**2 + s - 1. Suppose 3*z = -8*i + 3*i + 14, 4*z - 9 = 3*i. Let x(n) = -5*n**2 - 6*n + 5. Let k(o) = i*x(o) + 4*g(o). Calculate k(-4).
-7
Let q(h) = 8*h - 8. Let r(k) = -3*k + 3. Let m(j) = 4*q(j) + 11*r(j). Let s be -10 - (1 + 9/(-3)) - -4. Calculate m(s).
5
Let v(m) be the third derivative of m**4/8 + 2*m**3/3 + 28*m**2. Give v(-5).
-11
Let z(k) = -5*k**3 + 7*k**2 + 15*k + 1. Let v(p) = -4*p**3 + 7*p**2 + 14*p + 1. Let l(d) = -6*v(d) + 5*z(d). Determine l(-6).
17
Let f(y) = y**3 - 4*y**2 - 2*y + 3. Suppose 0 = -3*a + u + 13, 0 = -5*a - 4*u - 0*u - 1. Determine f(a).
-12
Let j(n) = 0*n**2 + 0*n + n - 6*n**3 - n**2. Suppose -5 = -3*t - 2*t. What is j(t)?
-6
Let l(o) be the third derivative of o**6/120 + o**5/60 - o**4/12 + o**3/6 - 19*o**2. Suppose d - 3*v + 0*v = 1, -d - 5*v - 7 = 0. Give l(d).
1
Let i(p) = p - 9. Let u(k) = k**2 - 11*k + 21. Let f be u(9). Suppose 6 = 4*z + w + w, -9 = 3*z - f*w. What is i(z)?
-9
Let t = -71 + 64. Let o(g) = -g**2 - 8*g - 6. Determine o(t).
1
Let i be (6/(-10))/((-3)/45). Let r = 4 - i. Let m(b) be the third derivative of -b**6/120 - b**5/10 - b**4/6 + b**3/2 - b**2. Calculate m(r).
-2
Suppose 0 = -2*g - 3*d - 11, 6*d = 3*d + 3. Let t(o) = o + 9. What is t(g)?
2
Suppose 0 = 4*h + h - 15. Let s(v) be the third derivative of -v**2 + 1/60*v**5 + 0 - 5/24*v**4 + 0*v + 2/3*v**h. Calculate s(5).
4
Let g(y) = -2*y - 3. Let k = 66 + -71. What is g(k)?
7
Let l(v) = v**2 + 6*v + 6. Let w be l(-6). Suppose w*c - c = 20. Let t(q) = 0*q + 0*q - c*q + 1. Give t(2).
-7
Let s be (26/10 + -4)*5. Let b(v) = v**3 + 6*v**2 - 7*v - 5. Calculate b(s).
-5
Let y(f) = -2*f**2 - 3*f + 3. Let a(r) = 3*r**2 + 2*r - 4. Let o(i) = 3*a(i) + 4*y(i). Let k = 1 - -5. What is o(k)?
0
Let b(p) = p + 2. Let z be b(5). Let u(w) = w + 2*w - z - w - w. Determine u(0).
-7
Let m(j) be the second derivative of -j**4/12 + j**3/6 + j**2 + 31*j. Determine m(-2).
-4
Let b(d) be the first derivative of -d**7/840 - d**6/120 - d**4/6 - 2*d**3/3 + 1. Let v(x) be the third derivative of b(x). What is v(-3)?
-4
Let h be (-6)/4*(-32)/6. Suppose 5*i = m - h, -5 = -3*m + 4. Let y be 6 + (-1 + 3)/i. Let g(x) = x**2 - 3*x + 1. What is g(y)?
5
Let i be ((-20)/(-30))/(2/(-3)). Let t(o) = -5*o**2 - 2*o - 1. Calculate t(i).
-4
Let o(y) = -8*y + 1. Suppose -3*z = 4*f + 5, -3*f = 2*z + 4 - 0. Determine o(z).
-7
Let p(y) = -3*y**2 - 4*y**2 + y**3 + 2*y**2 + 7. Let x = -123 - -128. What is p(x)?
7
Let u(x) = x**2 + 3*x + 1. Let f(g) = 5*g + 2. Let h(v) = -9*v - 5. Let b(s) = 7*f(s) + 4*h(s). Let i = 5 + -10. Let l be b(i). Calculate u(l).
-1
Let i(j) = -7*j - 3. Let h be i(-2). Let z(r) = -13*r**2 + 3*r - 3. Let l(g) = 4*g**2 - g + 1. Let v(a) = h*l(a) + 4*z(a). Give v(1).
-8
Let i(d) = -d**3 - 4*d**2 + 4*d - 7. Let l be 0/1 + 20/1. Suppose 3*f = -f - l. Calculate i(f).
-2
Let x(f) = -f**3 - f**2 + f + 6. Let j(m) = -6*m**3 - 5*m**2 + 6*m + 29. Let w(q) = -2*j(q) + 11*x(q). Calculate w(0).
8
Let x(n) = -n**3 - n**2 + 25. Suppose -5*r - 3*r = -0*r. Calculate x(r).
25
Let a(w) = -w**3 + w**2 - 1. Let u(x) = -x**3 + 4*x**2 + 6*x - 4. Let o be u(5). Let r(k) = 3*k**3 - 4*k**2 - 2*k + 1. Let f(g) = o*r(g) + 2*a(g). What is f(3)?
2
Let g(n) be the first derivative of -n**5/120 + n**3 - 2. Let q(d) be the third derivative of g(d). Give q(3).
-3
Let r(y) = y**3 - 6*y**2 + 5*y - 7. Let x be (-1 + 0 + 0)*-5. Calculate r(x).
-7
Let a(r) = -r**2 + 1. Let o be a(1). Let u(p) be the second derivative of -p**2 - 2*p + o + 1/3*p**3. Determine u(-4).
-10
Let n = -401/6 - -67. Let p(b) be the third derivative of 1/120*b**6 + 0 - 1/12*b**5 + 2*b**2 + 1/8*b**4 + 0*b - n*b**3. Calculate p(4).
-5
Let o(f) = f**3 + f**2 + f - 1. Let r be o(0). Let j(t) = -2*t**3 - 2*t**2 + 1. Calculate j(r).
1
Let w(q) = -5*q**3 - 6*q**2 - 23*q + 26. Let t(d) = 2*d**3 + 2*d**2 + 8*d - 9. Let r(b) = 17*t(b) + 6*w(b). Give r(2).
23
Let c(t) be the second derivative of 5*t**4/12 + t**3/2 - 3*t**2/2 + 3*t - 3. Calculate c(2).
23
Let r(x) = x**2 + 4*x - 1. Suppose 0 = -5*q + 5*z - 10, 2*q - 5*z = 2. Give r(q).
-1
Let o(t) = t**2 - 6*t - 2. Let a be o(8). Suppose a - 4 = 5*u, j + 5*u - 9 = 0. Let z(y) be the second derivative of -5*y**3/6 - y. What is z(j)?
5
Let f be (12/10)/((-1)/5). Let o(y) be the second derivative of -y**4/12 - y**3 - y**2/2 - 20*y + 1. Calculate o(f).
-1
Let g = 1/4 - -1/4. Let v(d) be the third derivative of 1/60*d**5 + 0 + 0*d + 5/24*d**4 + d**2 - g*d**3. What is v(-4)?
-7
Let j(q) = q - 2. Let t(i) = -7 + 3 - 3*i + 8*i - 7. Suppose 5*u + 28 = 4*y - 36, -4*y - 4*u + 28 = 0. Let z(d) = y*j(d) - 2*t(d). Determine z(-4).
-4
Let d be (-8)/(-2) - (-6 + 10). Let z(y) = y + 7. Determine z(d).
7
Let b(k) = -4 + 11*k - 3*k - 7*k. What is b(8)?
4
Let m(r) = 3*r**2 - 10*r + 11*r - 4*r**2 + 0*r + 1. Give m(3).
-5
Suppose -r = 4*r + 5. Let o(t) = -19*t**2 + 4*t - 5. Suppose -2*z = 14 + 4. Let h(j) = -5*j**2 + j - 1. Let d(v) = z*h(v) + 2*o(v). Calculate d(r).
7
Let h(r) = -r**2. Let n(o) = -o**2 - 2*o + 3. Let u(x) = 4*h(x) - n(x). Determine u(2).
-11
Let k(a) = -a**3 - 4*a**2 + 3*a + 1. Let h(o) = o**3 + 5*o**2 - 4*o. Let r(z) = 4*h(z) + 5*k(z). Calculate r(0).
5
Suppose -4*h = -1 - 11. Let k(v) = 2*v - 3. What is k(h)?
3
Let u = 3 - 4. Let r(p) = 5*p**3 + 6*p**2 + 3. Let h(t) = -t**3 - t**2 - 1. Let x(a) = 4*h(a) + r(a). Determine x(u).
0
Let n(a) be the first derivative of a**3/3 - 5*a**2/2 + 3*a + 5. What is n(5)?
3
Suppose -z = 2*z. Let f = z + 2. Let r(k) = 10*k + f*k - 2 - 3 + 4. What is r(-1)?
-13
Let i = -1 - 0. Let z(a) be the first derivative of a**3 + 1/2*a**2 + a - 1. What is z(i)?
3
Suppose 0 = -2*i + 6. Let r(h) = 4 - 4*h**2 - h + 2*h**3 - 3*h - h**i. Suppose -2*c = -0 - 10. Give r(c).
9
Let z(f) = -f**2 - 3*f. Suppose 0*r = -4*r, r - 8 = 2*a. Calculate z(a).
-4
Suppose 20 = -s + 5*s. Let z(x) = 4*x + 0*x - s*x - 1. Suppose 3*y = -6*o + o + 12, 7 = -y + 2*o. Calculate z(y).
0
Suppose -3*r = -2*r - 2. Suppose -5*t + 13 = -n - r*n, -4*t + 40 = 5*n. Let s(h) = h**2 - 3*h - 5. What is s(n)?
-1
Let w(k) be the second derivative of -k**3/6 - 4*k. Determine w(-4).
4
Suppose -u = -0*u + 2. Let s = 8 + u. Let f(p) = -p + 4. Determine f(s).
-2
Let w(k) = -1 + 6 + 4 - 2 - 2*k. Give w(6).
-5
Let f(u) = -u**3 - 2*u - 1. Let q be f(-1). Suppose 0 = 5*a + q*c + 6, -2*a = -4*c + c - 9. Let s(z) = z**3 - z**2 - z - 5. Determine s(a).
-5
Let d(f) be the second derivative of f**7/280 + f**6/360 - f**5/120 + f**4/3 + 3*f. Let c(m) be the third derivative of d(m). Calculate